en w is divided by v.
9
Let z(a) = 2*a**2 + 8*a + 22. Let q(d) = -d**2 - 5*d**2 + 0*d**2 - 3*d + 7*d**2 - 6. Let s be q(3). Calculate the remainder when z(s) is divided by 8.
6
Let v(c) = 224*c - 10177. What is the remainder when v(53) is divided by 21?
15
Let j(b) = -2*b**2 + 18*b + 39. Let d be j(18). What is the remainder when 107 is divided by (-2)/15 - 6308/d?
19
Let k(m) = -m**3 + 65*m**2 + 91*m - 1611. Calculate the remainder when 173 is divided by k(66).
17
Let k(g) = -4*g**2 + 304*g - 862. What is the remainder when 120 is divided by k(73)?
8
What is the remainder when 5530/(-14)*(12/15 - 2) is divided by ((-9)/4)/(-6 - 115/(-20))?
6
Let l(w) = w**3 - 6*w**2 + 143*w - 43. Calculate the remainder when l(11) is divided by 180.
155
Suppose 43*b - 20*b + 1081 = 0. Let d = b + 93. Calculate the remainder when d is divided by (-4)/(-14) + 178/14.
7
Let m be (-12)/3*(-11 - (-2 + -2)). Suppose 3*n - 9 = 5*s + 7, -4*n + 5*s + m = 0. What is the remainder when 22 is divided by n?
10
Let w(a) = 18*a**3 + a**2 - 2*a + 1. Let i = -70 - -75. Suppose i*l = 7*l - 14. What is the remainder when w(1) is divided by l?
4
Suppose 26*y - 10752 = 12*y - 28*y. What is the remainder when 4092 is divided by y?
252
Let s = 1603 + -1424. Calculate the remainder when s is divided by 92.
87
Let i(l) = -1 - 3 - 5 + l - 2. Let u be i(14). Suppose u*h = 3, -2*q + 70 = q + h. What is the remainder when 66 is divided by q?
20
Suppose 4*p + 2874 = 3*x, -5*x - 51*p + 56*p + 4790 = 0. Calculate the remainder when x is divided by 12.
10
Suppose -460 = 5*d - 475. Suppose 2*k + 5*a = 4, 5*k = -0*k - d*a + 48. Calculate the remainder when 57 is divided by k.
9
Suppose 38*g = 39*g - 2*n - 1, -3*n + 16 = 2*g. Let j(r) = -51*r**3 + 1. What is the remainder when j(-1) is divided by g?
2
Let l(h) = -98*h**3 - 18*h - 64. What is the remainder when l(-3) is divided by 66?
62
Let f = 36 - 32. Suppose f = 5*l - 16. Suppose 101 = 5*w - l. What is the remainder when 60 is divided by w?
18
Let l(v) = -v**3 - 23*v**2 - 21*v + 19. Let w be l(-22). Calculate the remainder when 6/9 - (76/w + -1) is divided by 10.
7
Suppose 6*p - 2*p = 12. Let v(u) be the third derivative of u**5/20 + 5*u**4/8 + 5*u**3/2 + 272*u**2. What is the remainder when p is divided by v(-1)?
0
Let y(l) = 4*l**2 + 2*l + 2. Let h be y(1). What is the remainder when 79 is divided by (-1 - 2/(-4))/(h/(-144))?
7
Let a(b) = -b**3 + 6*b**2 - b + 5. Let m = -1771 + 1780. What is the remainder when a(5) is divided by m?
7
Let a(i) = -2*i**2 + 16*i + 10. Let r be a(-9). Let o = -230 - r. What is the remainder when 195 is divided by o?
63
Let m(o) = 2*o**2 - 8*o + 31. What is the remainder when m(-10) is divided by 102?
5
Let w(u) = -6*u**3 + 201*u**2 - 23*u + 51. Calculate the remainder when w(23) is divided by 13.
11
Suppose 0 = 53*c - 58*c + 30. Suppose -b + 2*y + 10 = 0, 0 = -b - 0*b - 2*y - c. What is the remainder when 9 is divided by b?
1
Let c(r) = 16*r**2 - 85*r + 37. Calculate the remainder when c(6) is divided by (-1)/(2 - 436/216).
49
Let z(g) = 2*g**2 - 18*g + 4. Let b be z(8). What is the remainder when (300/16)/(b/(-160)) is divided by 64?
58
Suppose 7*z = 4*z + 168. Let x = z - 6. What is the remainder when x is divided by (-1 + -1)*91/(-14)?
11
Let g(a) = -144*a + 3053. What is the remainder when g(16) is divided by 75?
74
Let g be 4825/(-175) - (-3)/(-7). Let z(c) = -4*c - 92. What is the remainder when 38 is divided by z(g)?
18
Suppose -2102*k = -2106*k + 4 + 108. What is the remainder when 5150 is divided by k?
26
Calculate the remainder when (-4*6/32)/(28/(-11088)) is divided by 12.
9
Suppose 52 - 1096 = 4*c + 4*b, 0 = -3*c - 5*b - 785. Let m = c - -303. Calculate the remainder when m is divided by 11.
10
Let x = -535 - -540. Suppose b = 4*g - 8*g + 196, -b - 254 = -x*g. Calculate the remainder when 144 is divided by g.
44
Let f(g) = -g**3 + 3*g**2 + 4*g + 4. Let i be f(4). Let o be 106*i/(-24)*-15. Suppose 17*k = 22*k - o. Calculate the remainder when k is divided by 19.
15
Let h(b) be the first derivative of -4*b**2 + 24*b + 4. Let f be h(3). Suppose -y + 24 - 11 = f. Calculate the remainder when 49 is divided by y.
10
Suppose -24*z = 13*z - 14134. Let d = z - 32. Calculate the remainder when d is divided by 44.
42
Let y be 2/(1/(6 - (-700)/(-8))). Let f = y + 235. Calculate the remainder when f is divided by 21.
9
Let h(z) = 127*z - 127. Suppose 24*f = 23*f + 4, -2*p + 36 = f. What is the remainder when h(3) is divided by p?
14
Let m = 204 - 196. Suppose 3*h - m*h + 55 = 0. What is the remainder when 21 is divided by h?
10
What is the remainder when ((-33)/22)/(96/(-47168)) is divided by 124?
117
Suppose 2*c + 1923 = 5*o, 4*o = 7*o - 4*c - 1137. What is the remainder when o is divided by 52?
23
Suppose 5*s = 85 + 120. What is the remainder when (58 - 1) + (-3333)/(-303) is divided by s?
27
Let h(v) be the third derivative of -1/3*v**3 + 1/15*v**5 + 0*v + 0 - 19*v**2 + 1/120*v**6 - 1/12*v**4. What is the remainder when 22 is divided by h(-4)?
4
Calculate the remainder when (-752)/(-14) - 390/(-1365) is divided by 14.
12
Suppose 18*q = 21*q + 6, 5*a - 3*q - 301 = 0. Calculate the remainder when 258 is divided by a.
22
Suppose -o + 487 = -4*y, -3*o = -4*y - 384 - 101. Let i = -79 - y. What is the remainder when i is divided by (-4 + (-252)/(-60))/((-1)/(-65))?
4
Suppose -98*b - 97*b = -180*b - 55545. Calculate the remainder when b is divided by 17.
14
Suppose 0 = 6*l + 270 - 1008. Suppose -2*c + 6*c = -5*o - 55, -3*c = -o - 30. Calculate the remainder when l is divided by (o - 27)*(-2)/4.
18
Suppose 6 = -3*f, 0*i - 4 = 3*i + 2*f. Suppose i*m - 667 = -5*m - 3*v, 5*m - v - 671 = 0. Calculate the remainder when m is divided by 46.
42
Suppose 0 = -3*h + 5*u - 4*u + 67, -5*u = h - 49. Calculate the remainder when 660/h*(-128)/(-20) is divided by 18.
14
Let u = 163 + -159. Suppose -b + 177 = -2*a - 3*a, u*b + 5*a = 683. Calculate the remainder when b is divided by 54.
10
What is the remainder when 242 is divided by 186*(0 + 3 + (-68)/24)?
25
Let v(f) = -f**3 + 16*f**2 - 38*f + 30. Let j be v(13). Suppose 5*m + j = 308. Calculate the remainder when 153 is divided by m.
47
Suppose 152*u + u - 150399 = 0. What is the remainder when u is divided by 78?
47
Suppose -54*m + 58*m - 212 = 0. Suppose 5*h - 10 + 0 = 0. Suppose m = 5*t + 4*q, -h*q = -t - 5*q + 15. What is the remainder when t is divided by 7?
2
Suppose -18*o = -14*o + 80. Let k = 45 + o. What is the remainder when 174 is divided by k?
24
Let r be (-21)/(((-2)/11)/2). Suppose 0 = -3*y + 3*x + 180, -4*x - 10 = 2. What is the remainder when y is divided by (6 + r/(-35))/(1/(-35))?
15
Let p be (6 + (-56)/(-20))/((-8)/(-100)). Suppose -6*l + 94 = -p. What is the remainder when (9/(-4))/(6/(-176)) is divided by l?
32
Let u be 82 - -3*(-2)/(-6). Suppose -2*i + k + u = 0, -2*i - 5*k = 14 - 127. Let r = -31 + i. Calculate the remainder when r is divided by 3.
1
Let s = -1289 + 1309. Calculate the remainder when 354 is divided by s.
14
Let a(c) = 7*c + 29. Let k(x) = 6*x + 28. Let h(s) = 5*a(s) - 6*k(s). Let z be h(-20). What is the remainder when 47 is divided by (-5 - z)*(0 + -8)?
15
Suppose -14*k + 13*k + 94 = 0. Let p = 18667 - 18302. Calculate the remainder when p is divided by k.
83
Let o(w) = -2*w**3 - 8*w**2 + 2*w + 16. Let a(b) = -2*b**3 - 9*b**2 + b + 13. Let h(c) = -6*a(c) + 5*o(c). Calculate the remainder when h(-6) is divided by 13.
11
Let i = 229 + -115. What is the remainder when (-106)/(-4) + 1 + 15/(-6) is divided by i/9 - 4/(-12)?
12
Let i(z) = z**2 + 9. Let v = 435 - 437. What is the remainder when (37 - 1)*(-51)/(-12) is divided by i(v)?
10
Suppose 30*m - 30760 - 5289 - 33191 = 0. Calculate the remainder when m is divided by 22.
20
Let a = -789 - -780. Calculate the remainder when 55 is divided by (-6)/a*216/4.
19
Let a(w) = 60*w + 326. Calculate the remainder when 607 is divided by a(-5).
9
Suppose h = 189 - 140. Suppose 3*v = -j + 86, -4*v - j + 66 = -h. Calculate the remainder when v is divided by 5.
4
Suppose -20*n + 3*n + 20 = -116. What is the remainder when 28 is divided by n?
4
Let a(n) = -4*n**2 + 26*n - 21. Calculate the remainder when 14 is divided by a(5).
5
Let j(k) = 6 + 11 + 0*k - k**2 - 17*k + k**3. What is the remainder when 149